(n) = -5*n + 11. Let z be f(-4). Suppose z = -2*m + 195. List the prime factors of m.
2, 41
Suppose 7*s - 20 - 8 = 0. Suppose -s*r + r + 267 = 0. What are the prime factors of r?
89
Let i(h) = 4 - 13 + 4*h + 7 + h**3. What are the prime factors of i(4)?
2, 3, 13
List the prime factors of 6/14 + -1 + 14298/7.
2, 1021
Suppose 0*q = -5*q + 25. Suppose q*u + h - 22 = -3*h, u = -3*h + 11. Suppose u*w - 3 = 79. List the prime factors of w.
41
Let a(l) = l**3 + l**2 - l - 1. Let r(p) = -30*p**3 + 3*p**2 + 6*p + 4. Let d(m) = a(m) + r(m). What are the prime factors of d(-2)?
241
Let s(p) = -p**3 + 22*p**2 + 2*p - 39. What are the prime factors of s(21)?
2, 3, 37
Suppose -3368 = 23*h - 10751. What are the prime factors of h?
3, 107
Let x be (32/(-20))/(2/(-5)). Let m(z) = 7*z + 14. Let p be m(x). Suppose 38*s + 44 = p*s. What are the prime factors of s?
11
Let a(x) = 116*x + 6. Let r(n) = 116*n + 5. Let t(i) = 3*a(i) - 4*r(i). Let p be t(2). List the prime factors of 10/35 - p/14.
17
List the prime factors of 6141/12 - (1 + 2/(-8)).
7, 73
Suppose -x = n - 0*n - 286, 4*n - x = 1139. What are the prime factors of n?
3, 5, 19
Suppose 51*l - 64224 = 39*l. List the prime factors of l.
2, 3, 223
Let f be ((-336)/9)/(8/(-324)). Suppose 0 = 4*k + 3*k - f. Let i = -152 + k. List the prime factors of i.
2
Let h = 31 + -27. Suppose 4*y = -h*y + 544. List the prime factors of y.
2, 17
Let k be (0 - 1 - 0)*-5. Suppose j + k*c + 12 = 2, -3*j = 3*c + 18. Let i = 7 - j. What are the prime factors of i?
2, 3
Suppose 6*j = 2*j + 8. Suppose -j*p + 74 = -3*y, 2*p - 5*y - 36 - 34 = 0. What are the prime factors of p?
2, 5
Suppose -8*p + 13*p - 518 = -a, 4*a + 3*p - 1987 = 0. List the prime factors of a.
17, 29
Let y(z) = 28*z**2 + 8*z + 4. Let a be y(-4). Suppose 25 = -5*j, -j + 71 = -4*r + a. What are the prime factors of r?
2, 43
Let c(u) = -3*u - 17. Let f be 4/(-26) - (-445)/(-65). Let d be c(f). List the prime factors of (d + -62)*(-1)/2.
29
Let d be -1 + 4 - (-20 + 18). Suppose 2*g = -d*v + 40, 2*g + g + 2*v - 49 = 0. List the prime factors of g.
3, 5
Let b be ((-15)/(-6) + -3)*-278. Let o be (-8750)/98 - (-1 - 5/(-7)). Let x = b + o. What are the prime factors of x?
2, 5
Suppose 3*v + 4 = -5*p, -4*p - 16 = -4*v - 0*v. Let y(l) = 1 - 5*l + 8*l + 6*l**v - l**3 + 5*l. List the prime factors of y(7).
2
Let n(a) = -a - 1. Let s be n(-5). Let k be 21/12 + 1/s. Suppose -2*y + 4*q = -84, k*y - 66 = -0*y - 5*q. List the prime factors of y.
2, 19
Let r = -3884 - -7295. List the prime factors of r.
3, 379
Let z(g) = g**2 + 2*g - 1. Let p be z(-4). Suppose t - p = 5. Let w = t - 10. What are the prime factors of w?
2
Let p be ((-7)/(-14))/(2/4). Suppose 4*a + 9 = p, -4*f - 2*a = -340. Let z = 130 - f. List the prime factors of z.
2, 11
Let j(b) = b**3 - 6*b**2 - 11*b + 9. Let c be j(7). Let m = 20 + c. What are the prime factors of (m + -125)*(-8)/32?
31
Let z(o) = -5*o**2 - 9*o + 1. Let i be z(-5). Let b = i - -182. List the prime factors of b.
103
Let u be (16/(-20))/((-4)/(-90)). Let i = 23 - u. Let m = i + -21. What are the prime factors of m?
2, 5
Let r be 4/2 + 0 - 3. Suppose 2*p = 4*p - 8. List the prime factors of -5*r*p/10.
2
Suppose j + f + 5 = -4, 2*j + 15 = -5*f. Let l = 18 + j. List the prime factors of l.
2
What are the prime factors of 1 + -2 + 162 - (-36)/(-9)?
157
Suppose 9 - 4 = -x, -102 = -r - 2*x. Suppose 0 = -4*j - 3*j + r. What are the prime factors of j?
2
Suppose 4*u = 5*u + 2*i - 1768, 0 = 2*u - 4*i - 3536. What are the prime factors of u?
2, 13, 17
Let q = 8 - 11. Let g be q - 4 - (-2 + 0). Let x(a) = 2*a**2 + 7*a + 2. List the prime factors of x(g).
17
Let d = -86 - -94. Let g(y) = 16*y + 10. List the prime factors of g(d).
2, 3, 23
Suppose 0 = -4*u - 16, -5*s + 2*u = 4*u - 2217. What are the prime factors of s?
5, 89
Let w(t) = t**3 + 2*t**2 + 2*t. Let h = 0 - -3. What are the prime factors of w(h)?
3, 17
Suppose 17*c - 10224 - 13287 = 0. List the prime factors of c.
3, 461
Let y(z) = 2*z + 1555. What are the prime factors of y(0)?
5, 311
Let o = -93 + 97. List the prime factors of (-9)/(o + (-415)/100).
2, 3, 5
List the prime factors of (-9)/(450/(-183110)) - 1/5.
2, 1831
Let p(k) = -4*k**3 - 5*k**2 - 7*k - 4. Let l(o) = o**3 - 7*o**2 + 8*o + 7. Let n be l(5). List the prime factors of p(n).
2, 5
Let j = -1 - 1. Let g(t) be the first derivative of -5*t**4/4 + t**3/3 - 3*t**2/2 - 3*t + 22. What are the prime factors of g(j)?
47
Let z(g) = -g**2 - 9*g - 14. Let i be z(-10). Let y = -7 + 15. What are the prime factors of (-6)/i - (-94)/y?
2, 3
Suppose 14*g + 12*g = 39858. List the prime factors of g.
3, 7, 73
Let q(g) be the second derivative of 7*g**3/3 + g**2/2 - 4*g. List the prime factors of q(2).
29
Let x(w) = 2*w**2 - 36*w + 40. Let h = 95 + -77. What are the prime factors of x(h)?
2, 5
Suppose 3*b = 10*b - 2107. List the prime factors of b.
7, 43
Suppose k - 2*z + 25 = 0, -4*k + z - 73 = 62. What are the prime factors of (k/20)/(-7) + 335/4?
2, 3, 7
Let v be (4/(-3))/(8/12). List the prime factors of ((-15)/5 - 143)/v.
73
Let p = 26 - 23. Suppose -24 = -2*s + 2*o + 2*o, 2*o = -p*s - 4. List the prime factors of s.
2
Let z = 1373 + -320. What are the prime factors of z?
3, 13
Suppose -2*q = q + 9. Let f be (-30)/9*q + -1. Suppose -r + f = 5*n + 2*r, -4*n + 20 = -4*r. What are the prime factors of n?
3
Suppose -9*r + 4*r + 245 = 0. Suppose 18 = 4*j - 2*x, -5*j + 4*x = -8 - 19. Suppose -r = -j*o + 20. List the prime factors of o.
23
Suppose 0 = -5*f - 2*q + 2790, q - 535 = -f - 4*q. What are the prime factors of f?
2, 5, 7
Let w(a) = 37*a**2 + 74*a + 21. What are the prime factors of w(7)?
2, 3, 7
Let g = 7 - -20. Let y = g + -9. What are the prime factors of y?
2, 3
Suppose -4*o - 2*y = 182, -3*y + 122 + 35 = -4*o. Let s be (2 + -3)/((-3)/(-93)). Let j = s - o. List the prime factors of j.
2, 3
Let n(f) = 31*f + 7. Let m be n(9). Suppose -5*w + m = u, -u = -3*w + 4*u + 194. List the prime factors of w.
2, 29
Let a be (-8)/(-2) - 2 - 7. Let p(f) = f**2 - f - 1. What are the prime factors of p(a)?
29
Suppose 4*w + 5*a = -w - 1380, 0 = 2*w - 5*a + 559. Let q be 14 - w - 1/(-1). Suppose -8*t + q = -4*t. List the prime factors of t.
73
Suppose 1955 = 3*c + 5*m, -5*c + 5*m + 1739 = -1466. What are the prime factors of c?
3, 5, 43
Suppose -96*u = -95*u - 1165. What are the prime factors of u?
5, 233
Suppose -11*m + 4*m = -14. What are the prime factors of (0 + 1)/(m/346)?
173
Let s be 7 + -4 + -5 - -5. Let f = s + 14. What are the prime factors of f?
17
Let v = -540 - -362. Let i = v + 282. List the prime factors of i.
2, 13
Let d = -5 - -11. Let r be 392/(-6)*(d + -9). Suppose 0 = 9*j - 5*j - r. List the prime factors of j.
7
Let a = -1397 - -1399. Let t = -851 + 127. List the prime factors of a/(-10) + t/(-20).
2, 3
Let f(x) = x**2 - 10*x + 6. Let w be f(10). Let c = 6 - w. Suppose c = 5*y, -6*z + 18 = -4*z + 2*y. What are the prime factors of z?
3
Let o = 34 + -4. Let b = -64 - -73. Let g = o - b. List the prime factors of g.
3, 7
Let r be (-70)/9 - (-18)/(-81). Let b be 11/(-44) + (-66)/r. Let c = b + -6. What are the prime factors of c?
2
Suppose -2*c - 10*m + 10032 = -15*m, -2*c - 5*m + 10012 = 0. What are the prime factors of c?
5011
Suppose -6*u = -5*m - 8*u + 1015, m - 203 = -3*u. List the prime factors of m.
7, 29
Let d(v) = -2*v**3 - 2*v**2 + 3*v + 3. Let l be d(-2). Suppose 5 = l*g - 10*g. List the prime factors of (-1)/g - (-50)/5.
11
Let n(k) = k**3 - 7*k**2 + 5*k - 10. Let r be n(9). Suppose -5*t - 7 = -r. What are the prime factors of t?
2, 19
Let h be (-2 - 3)*(-36)/30. Suppose -h*j + 2*j = -108. List the prime factors of j.
3
Suppose -2*u = -3*c - 234, u - 2*c = -c + 116. Let j(a) = -a**3 + a**2 + 3. Let r be j(0). Suppose 0*z = -r*z + u. What are the prime factors of z?
2, 19
Let x(g) be the second derivative of -g**7/2520 - g**6/120 + g**5/24 + g**4/3 + 6*g. Let p(y) be the third derivative of x(y). List the prime factors of p(-6).
5
Suppose 2*p + 102 = 4*s, -3*s + 45 = -2*p - 32. List the prime factors of s.
5
Let m be 774/(-4) + 3/(-2). Let f = 467 + m. List the prime factors of f.
2, 17
Let b = 27 + 9. Suppose 3*d + o - b = 0, -3*o = -5*d + 86 - 12. Let m = d + 43. List the prime factors of m.
2, 7
Let f be (-1*7)/((-11)/22). 